(-3)?
-2
Suppose 19*j + 96 = 932. Let f be 16/40 + j/(-10). Let u(q) = 3*q + 6. Give u(f).
-6
Let t(b) be the first derivative of -b**3/3 + 5*b**2 - 11*b - 116. What is t(9)?
-2
Let u(d) be the second derivative of 1/4*d**4 + 3 - d**2 + 0*d**3 - 2*d - 1/20*d**5. Determine u(4).
-18
Let h(a) = 65 - 94 - a + 49. What is h(18)?
2
Let w(a) be the second derivative of a**4/12 - 2*a**3/3 - 19*a**2/2 + 468*a. What is w(10)?
41
Let s be 4/(-18) - 4/(-18). Let v(n) = -n**2 + 0 + 0*n**2 + s*n + 2*n + 4. Calculate v(3).
1
Let w(p) = 2*p**3 - p**2 - 4*p - 2. Let m(q) = 138*q + 2*q**2 + q**3 - 139*q - 3*q**2. Let t(x) = -4*m(x) + w(x). Give t(2).
-6
Let i(u) = -u + 2. Suppose 6*d = -6*d + 48. Suppose 8 = -d*j + 12*j. What is i(j)?
1
Let m(x) = -6*x. Let a be m(-7). Suppose 6 = -6*q + a. Let c(s) = 2*s - 9. Calculate c(q).
3
Suppose -5 = 3*g - 14. Suppose 0*u + 66 = -4*u - g*o, -5*u - 2*o = 79. Let v = 17 + u. Let a(m) = -m**2 + 1. Determine a(v).
-3
Let r(f) = -2*f + 8*f - 3 - 5*f. Let d = -16 + 4. Let l = 12 + d. Give r(l).
-3
Suppose -t + 4 = 3. Let b be -6 + t + 1 - -2. Let x(g) be the third derivative of g**5/12 + g**4/6 + g**3/3 + g**2 - 5645*g. Determine x(b).
14
Let j(n) = n**3 + 19*n**2 + 60*n + 15. Let c be j(-15). Let q(h) = -h + 18. Calculate q(c).
3
Let i(y) be the second derivative of -y**3 + y**2 + y. Let c = -3 - -10. Suppose -4*f - 1 = c. What is i(f)?
14
Let j(m) = -m**2 - 5*m - 4. Let t be j(-3). Let f(n) = -n + 20*n**2 + 7*n**2 - 2*n**t - 1 + n**2. Determine f(-1).
26
Let w(i) = 9*i + 4 - 26*i + 4*i + 14*i. Calculate w(5).
9
Suppose -13*z + 30 + 48 = 0. Let r(w) = -3*w**2 + 7*w + 11. Let c(o) = -o**2 + 2*o + 4. Let t(b) = -11*c(b) + 4*r(b). Determine t(z).
0
Let b(s) be the first derivative of -s**2/2 + 5*s + 97. What is b(4)?
1
Let z(w) be the first derivative of 4 - 1/3*w**3 + 4*w - 2*w**2. Let l be z(-5). Let v(j) = 5*j + 1. Determine v(l).
-4
Let f be (9 + -6)/(21/(-28)*-1). Let r(v) = v**3 - 2*v**2 - 8*v + 6. Determine r(f).
6
Let o(s) be the second derivative of -5*s**4/4 - 5*s**3/6 + 5*s**2/2 + 22*s. Let f(g) = -14*g**2 - 4*g + 4. Let n(j) = -5*f(j) + 4*o(j). Give n(1).
10
Suppose 2*w - w = 2. Suppose 2*u - 14 = -p, 5*u - 26 = p - w*p. Let y(x) = 3*x - 6 - 1 - 2*x**2 + x**3 + p. Give y(2).
5
Suppose -s + 2*w = 2, -4*s - 2*w - 22 = -8*s. Let t(n) = -n**2 + 7*n - 1. Determine t(s).
-9
Let k(y) = y**3 - 7*y**2 - 6*y - 11. Let p be k(8). Let w(l) = 7*l + 4. Let n(o) = 6*o + 3. Let f(r) = p*w(r) - 6*n(r). Suppose 7 + 13 = -4*a. Determine f(a).
7
Let x = 16 - 11. Let j(h) = 4 + 0*h**3 - x - h**3 - 8*h**2. Suppose -24 - 32 = 7*d. What is j(d)?
-1
Let a(k) = -4*k**2 + 9. Let v(f) be the second derivative of -f**4/4 + f**3/6 + 4*f**2 + 10*f. Let m(r) = 2*a(r) - 3*v(r). Determine m(5).
4
Suppose 0*n = 5*n + 10. Let w = 12 + -13. Let y(v) = -1. Let b(q) = -6*q + 4. Let s(d) = w*b(d) - 4*y(d). Give s(n).
-12
Let j be (-2)/(-9) + (-400)/(-144). Let s(w) = 16*w - w**j - 17*w + w**2 - 4 + w**2 + 5. Determine s(2).
-1
Let b(m) = -459*m**2 + 20 + m - 5 + 458*m**2. Give b(0).
15
Let x be ((0/(-42))/((-4)/2))/(-3). Let y(q) = -3*q - q - 6 + 5*q. Determine y(x).
-6
Suppose 0*q - 4*q + 4 = 0. Suppose 2*x = -2*h, q + 1 = -3*x - 2*h. Let i be -1 + 4 + x - -1. Let v(d) = 8*d - 1. Calculate v(i).
15
Let q(t) = -t**3 - 6*t**2 - 6*t - 5. Let y = 408 - 413. Give q(y).
0
Suppose -5*l + 23*l + 8*l = 0. Let o(n) be the second derivative of -1/6*n**3 + 9/20*n**5 + 1/2*n**2 - 8*n + 1/12*n**4 + l. What is o(1)?
10
Let o(i) = -7*i**2 - 3 + 6*i**2 + 0 + 7 + 4*i. Let x be (-3 - -1)/(3/(-6)). Suppose -2*v + 10 = 4*s, x*v + 0*v - s - 11 = 0. Determine o(v).
7
Let q be 112/20 - 10/(-25). Suppose 0 = 3*r - 0*g - 2*g - 7, -r - 5*g = -25. Let c(i) = 4*i + 1. Let x(b) = -3*b - 2. Let t(l) = r*c(l) + 6*x(l). What is t(q)?
5
Let q(z) = z**3 + 8 - 6*z**2 - 6*z + 0*z + z. Suppose 11*c + 8*c = 133. What is q(c)?
22
Let k be (3*1/(-3))/1. Let l(m) = -m - 2 + 5*m + 1 - 3*m. Give l(k).
-2
Suppose g - l = 1 - 0, 3*l - 3 = 0. Let y(p) = -2*p - 5*p**g + 3*p**2 + 9 - 10. Calculate y(-2).
-5
Suppose -2 = -d - 4. Let w(o) = -o**2 - o + 2. Let b be w(d). Let n(k) = 1 + k**2 - 10*k**2 + b. What is n(-1)?
-8
Let f be (-18)/(-15)*(-10)/(-3). Let o(s) be the second derivative of 4*s - 1/20*s**5 + 1/3*s**4 + 0*s**3 + 0 - 3/2*s**2. Give o(f).
-3
Suppose -8*d + 29 = 21*d. Let p(b) = 17*b**2 - b + 2. Give p(d).
18
Suppose -2*l - 100 = -4*u, -u - 4*u = -5*l - 135. Let q(c) = 27*c - 52*c + u*c. Calculate q(-2).
4
Let d(z) = -z**2 + 41 - z**2 - 14 + 6*z - 4*z**2 - z**3. Give d(-6).
-9
Let m(a) = -30*a + 122. Let b be m(4). Let q(p) = 3*p. Give q(b).
6
Let u(b) = -12 + 3*b**3 + 2*b**2 - 4*b**3 - 3*b**2. Let h(x) = 70*x + 1820. Let v be h(-26). Give u(v).
-12
Suppose -308 = -2*d - 5*k - 320, k - 18 = 3*d. Let a(r) = r**3 + 5*r**2 - 6*r + 1. What is a(d)?
1
Suppose b + 3*b = 0. Let o = 0 - b. Let x(y) be the first derivative of -y**2/2 - 2*y - 47. Determine x(o).
-2
Let u(w) be the second derivative of -w**6/120 + w**5/20 + w**4/12 - w**3/6 + 27*w**2/2 + 37*w. Let g(j) be the first derivative of u(j). Calculate g(2).
7
Suppose -5*f = -0*f. Let p(b) be the third derivative of b**5/60 + b**4/24 + 17*b**3/6 - 1277*b**2. Determine p(f).
17
Suppose 11*t - 708 - 304 = 0. Suppose -t = 12*z - 32. Let a(l) be the third derivative of -l**4/24 - 7*l**3/6 - l**2. What is a(z)?
-2
Let c be ((-1)/(-2))/(1/(-4)). Let w = -37 + 39. Let k(q) = 0*q - w + 238*q**2 - 2*q - 240*q**2. Determine k(c).
-6
Let d(p) be the first derivative of p**3/3 + 3*p**2/2 - 10*p + 431. What is d(-5)?
0
Let r(t) = -7*t**2 - 16*t - 7. Let x(h) = -31*h**2 - 64*h - 27. Let k(u) = 9*r(u) - 2*x(u). Give k(-15).
6
Let y(b) = 2*b - b**3 + 5*b**3 - 3 - 2*b**2 - 3*b**3. Let j(w) = -6*w - 124. Let c be j(-21). Calculate y(c).
1
Suppose 3*s - 1265 + 1256 = 0. Let o(k) = k**3 - 3*k**2 - 5*k + 2. Calculate o(s).
-13
Let b be 0 - (-2 - -3 - 2). Let l(a) be the third derivative of -a**4/3 + a**3/6 + 3*a**2. Determine l(b).
-7
Let v(a) = -3*a**2 - 2*a. Let x(o) = -10*o**2 - 5*o - 1. Let y(l) = -7*v(l) + 2*x(l). Let u = -21 - -16. Let s be y(u). Let f(j) = 2*j + 1. What is f(s)?
7
Let z(h) = -4*h**3 + 4*h**2 - 2*h - 2. Let n be (1 - 18/10) + (-420)/(-150). Calculate z(n).
-22
Let t be -6 - (-4 + (-9)/1). Let l(b) = -b**3 + 8*b**2 - 9*b - 3. What is l(t)?
-17
Let h(l) = 6*l - 7. Let z = 76 + -70. Suppose w = -0 + z. Determine h(w).
29
Let m = -2252 - -2252. Let f(v) be the third derivative of v**6/120 - v**5/60 - v**4/24 + 5*v**3/6 + 2*v**2. Determine f(m).
5
Let c(v) be the third derivative of v**4/24 + v**3/2 + 2*v**2. Suppose s + 2 - 7 = 0. Let t be (s/2)/((-12)/24). Calculate c(t).
-2
Let t(x) = x**3 - 2*x**2 + 2. Let u be t(2). Let c(w) = -4 - 2*w + 1 - w**2 + u*w**2. Let z be (-3 + -46)/7 + 10. What is c(z)?
0
Let u = 70 + -75. Let o = -1 + 4. Let x(r) = o*r + 6 - 2 - r**2 - 3*r - 4*r. Determine x(u).
-1
Let l(d) = d**2 - 4*d + 17*d**3 + 4*d - d - 5*d**3. Let h be -3 + (-22)/(-6) - (-2)/(-3). Let y be h + -1 - (-1 - 1). Determine l(y).
12
Let z(m) = -m**3 + 5*m**2 - 3*m + 5. Suppose 2 = -s - 2. Let n be (s/(-1))/((-8)/(-10)). Calculate z(n).
-10
Let p be ((-20)/30 - 5/(-3))*39. Let j = -37 + p. Let i(b) = 5*b - 1. Calculate i(j).
9
Let w(t) = -2*t**2 - t + 1. Let u be (3 + 17/(-5))/((-4)/10). Suppose -2*y + 3*p + 5 = 3*y, -y - 5*p = -u. Determine w(y).
-2
Let s(k) = k**3 + 3*k**2 - 2*k + 3. Suppose -1120 = 2*z + 6*z. Let f = z - -137. Determine s(f).
9
Let z = 439 - 441. Let k be 1*-2 + (2 - -2). Let s(b) = k - 5 + 4 + b. What is s(z)?
-1
Let m(f) = 11*f**3 - 8*f**2 - 5*f - 14. Let g(s) = -4*s**3 + 3*s**2 + 2*s + 5. Let n(b) = -8*g(b) - 3*m(b). Let a be 51/(-17) + (0 - -3). What is n(a)?
2
Let n(q) = -2*q - 5. Suppose 0 = 4*k - 3*u - 17, 5*k - u = u + 16. Let w(f) = -2 + 1 - f**3 + 3*f**2 + 3*f - k*f**3 + 2*f**3. Let o be w(4). Determine n(o).
5
Let g(p) = -19 - 11 + 2*p - 7*p + 26 - p**2. What is g(-6)?
-10
Let m = -33 + 19. Let v be (m/(-4))/(1/2). Let z(i) = -4 - i**2 - 6 + 3 + 3 - v*i. Give z(-6).
2
Suppose 2*s + 10 = -3*c, -2*c + s = -2*s - 15. Let u(j) = j**3 - j + 27. What is u(c)?
27
Let t(o) be the third derivative of -o**7/420 + o**6/180 - o**5/120 + o**3/2 - 10*o**2. Let a(z) be the first derivative of t(z). Calculate a(2).
-10
Let y = 